 by 469?
4
What is the remainder when 3077 is divided by 766?
13
What is the remainder when 291471 is divided by 19431?
6
Calculate the remainder when 12019 is divided by 802.
791
What is the remainder when 64381 is divided by 457?
401
What is the remainder when 36660 is divided by 19?
9
What is the remainder when 19507 is divided by 111?
82
What is the remainder when 1559 is divided by 34?
29
Calculate the remainder when 644803 is divided by 70.
33
What is the remainder when 89847 is divided by 113?
12
What is the remainder when 6196 is divided by 86?
4
Calculate the remainder when 11321 is divided by 9.
8
What is the remainder when 459914 is divided by 8?
2
What is the remainder when 8874 is divided by 613?
292
Calculate the remainder when 14136 is divided by 125.
11
What is the remainder when 12082 is divided by 55?
37
Calculate the remainder when 7425 is divided by 7394.
31
What is the remainder when 518906 is divided by 269?
5
What is the remainder when 1620 is divided by 799?
22
What is the remainder when 78 is divided by 73?
5
What is the remainder when 64842 is divided by 116?
114
Calculate the remainder when 757214 is divided by 135.
134
Calculate the remainder when 472531 is divided by 805.
801
What is the remainder when 6992 is divided by 304?
0
Calculate the remainder when 515796 is divided by 2788.
16
Calculate the remainder when 11866 is divided by 35.
1
Calculate the remainder when 5714 is divided by 1864.
122
What is the remainder when 237509 is divided by 41?
37
Calculate the remainder when 4865 is divided by 1852.
1161
Calculate the remainder when 54593 is divided by 145.
73
Calculate the remainder when 16965 is divided by 46.
37
Calculate the remainder when 42347 is divided by 275.
272
Calculate the remainder when 176 is divided by 53.
17
What is the remainder when 433977 is divided by 91?
89
Calculate the remainder when 405267 is divided by 9.
6
Calculate the remainder when 372825 is divided by 74564.
5
Calculate the remainder when 227 is divided by 14.
3
What is the remainder when 10143 is divided by 103?
49
What is the remainder when 31601 is divided by 130?
11
Calculate the remainder when 2014 is divided by 12.
10
What is the remainder when 1010100 is divided by 137?
136
Calculate the remainder when 116504 is divided by 9.
8
Calculate the remainder when 104 is divided by 59.
45
Calculate the remainder when 28461 is divided by 21.
6
What is the remainder when 853 is divided by 554?
299
Calculate the remainder when 476243 is divided by 21.
5
Calculate the remainder when 278489 is divided by 278486.
3
Calculate the remainder when 8880 is divided by 59.
30
Calculate the remainder when 920 is divided by 440.
40
What is the remainder when 2083 is divided by 90?
13
Calculate the remainder when 1511 is divided by 517.
477
Calculate the remainder when 5078 is divided by 360.
38
Calculate the remainder when 685115 is divided by 320.
315
Calculate the remainder when 5170 is divided by 1284.
34
Calculate the remainder when 26875 is divided by 16.
11
What is the remainder when 10720 is divided by 2619?
244
Calculate the remainder when 5813 is divided by 637.
80
What is the remainder when 3634 is divided by 39?
7
What is the remainder when 8619 is divided by 97?
83
What is the remainder when 15640 is divided by 13?
1
What is the remainder when 20771 is divided by 25?
21
What is the remainder when 145144 is divided by 94?
8
What is the remainder when 93243 is divided by 1002?
57
Calculate the remainder when 28397 is divided by 14197.
3
What is the remainder when 296807 is divided by 17?
4
What is the remainder when 12745 is divided by 2124?
1
What is the remainder when 4764 is divided by 1178?
52
What is the remainder when 47638 is divided by 137?
99
Calculate the remainder when 4292 is divided by 57.
17
Calculate the remainder when 38639 is divided by 69.
68
Calculate the remainder when 4515 is divided by 237.
12
Calculate the remainder when 661 is divided by 165.
1
Calculate the remainder when 19848 is divided by 319.
70
What is the remainder when 11090 is divided by 89?
54
What is the remainder when 214193 is divided by 4868?
1
Calculate the remainder when 179852 is divided by 803.
783
Calculate the remainder when 4874037 is divided by 180.
177
What is the remainder when 33487 is divided by 197?
194
What is the remainder when 15770 is divided by 29?
23
Calculate the remainder when 1284 is divided by 432.
420
Calculate the remainder when 5111 is divided by 2539.
33
What is the remainder when 657 is divided by 78?
33
What is the remainder when 19469 is divided by 54?
29
Calculate the remainder when 3491 is divided by 827.
183
Calculate the remainder when 1677964 is divided by 1054.
1050
What is the remainder when 6891 is divided by 460?
451
Calculate the remainder when 283340 is divided by 1707.
1685
What is the remainder when 537833 is divided by 48893?
10
Calculate the remainder when 299 is divided by 43.
41
Calculate the remainder when 100647 is divided by 13.
1
What is the remainder when 48017 is divided by 36?
29
What is the remainder when 418892 is divided by 57?
56
What is the remainder when 84780 is divided by 29?
13
Calculate the remainder when 5932 is divided by 380.
232
Calculate the remainder when 21400 is divided by 7.
1
What is the remainder when 409263 is divided by 39?
36
What is the remainder when 2001 is divided by 290?
261
Calculate the remainder when 9809 is divided by 11.
8
Calculate the remainder when 98247 is divided by 792.
39
Calculate the remainder when 51798 is divided by 277.
276
Calculate the remainder when 688 is divided by 261.
166
Calculate the remainder when 3994 is divided by 151.
68
Calculate the remainder when 273659 is divided by 3554.
1
Calculate the remainder when 23199 is divided by 492.
75
Calculate the remainder when 42389 is divided by 921.
23
Calculate the remainder when 16791 is divided by 38.
33
Calculate the remainder when 6167 is divided by 243.
92
What is the remainder when 206791 is divided by 999?
997
Calculate the remainder when 207853 is divided by 31.
29
Calculate the remainder when 4931 is divided by 2431.
69
Calculate the remainder when 18670 is divided by 48.
46
Calculate the remainder when 135235 is divided by 33801.
31
Calculate the remainder when 1203564 is divided by 1791.
12
What is the remainder when 1517 is divided by 676?
165
Calculate the remainder when 37150 is divided by 86.
84
Calculate the remainder when 170759 is divided by 683.
9
Calculate the remainder when 52559 is divided by 80.
79
Calculate the remainder when 86357 is divided by 184.
61
Calculate the remainder when 47641 is divided by 15875.
16
Calculate the remainder when 2025 is divided by 344.
305
What is the remainder when 308564 is divided by 598?
594
Calculate the remainder when 7322 is divided by 1827.
14
What is the remainder when 1449628 is divided by 10?
8
Calculate the remainder when 62024 is divided by 25.
24
Calculate the remainder when 51531 is divided by 154.
95
Calculate the remainder when 135288 is divided by 112.
104
What is the remainder when 11709 is divided by 2917?
41
Calculate the remainder when 1128267 is divided by 254.
253
Calculate the remainder when 23028 is divided by 1918.
12
What is the remainder when 901 is divided by 30?
1
Calculate the remainder when 139469 is divided by 11622.
5
What is the remainder when 21461 is divided by 15?
11
Calculate the remainder when 26978 is divided by 1143.
689
What is the remainder when 329155 is divided by 195?
190
What is the remainder when 236767 is divided by 36?
31
Calculate the remainder when 298113 is divided by 9937.
3
Calculate the remainder when 101091 is divided by 56.
11
What is the remainder when 398 is divided by 210?
188
What is the remainder when 2019 is divided by 635?
114
What is the remainder when 1989 is divided by 661?
6
What is the remainder when 18038 is divided by 2254?
6
What is the remainder when 1774 is divided by 27?
19
Calculate the remainder when 3244 is divided by 140.
24
What is the remainder when 3342 is divided by 733?
410
What is the remainder when 377180 is divided by 125724?
8
What is the remainder when 85592 is divided by 616?
584
Calculate the remainder when 51464 is divided by 343.
14
What is the remai